 Suppose -x*n + 33 + 15 = 0. Let q = 48 + -18. What is the remainder when q is divided by n?
6
What is the remainder when 47 is divided by (-75)/((-9)/(-12)*-4)?
22
Let a(u) = -u**3 + 6*u**2 - 4*u - 9. Calculate the remainder when 34 is divided by a(4).
6
Calculate the remainder when 123 is divided by (-34750)/(-550) - 2/11.
60
Suppose d = 3*d - 10. Let f(h) = -2*h**3 + 11*h**2 - 2*h + 11. What is the remainder when 101 is divided by f(d)?
23
Suppose 5*v = -10, 5*t - 3 = -3*v + 1. Suppose -5*f + c = -t*c - 230, -f + 3*c + 34 = 0. Calculate the remainder when f is divided by 25.
24
Let y(a) = a + 9. Let z(r) = r**2 + r + 10. What is the remainder when z(-5) is divided by y(8)?
13
Let k(v) = 26*v**2 + 2*v - 1. What is the remainder when 75 is divided by k(1)?
21
Let x = 1073 - 939. Calculate the remainder when x is divided by 31.
10
Let u(j) = j**2 + 37*j + 47. Let k(c) = 6*c**2. What is the remainder when u(0) is divided by k(2)?
23
Let a(c) = 4*c**3 + 3*c**2 - 5*c - 2. Let i be a(-2). Calculate the remainder when 2/(40/655) - 3/i is divided by 9.
6
Suppose 16 = 3*r + 4. Suppose -q - 3 = 0, -q - 4*q - 35 = -r*f. Suppose -f*c = -6*c + 13. What is the remainder when 62 is divided by c?
10
Let b = -61 - -227. Suppose 4*w + 252 = 10*w. Calculate the remainder when b is divided by w.
40
Suppose -7*m + 3*m = 80. Let h = m - -20. Suppose 0*k + k + 2*y - 7 = h, -3*k + y + 14 = 0. Calculate the remainder when k is divided by 2.
1
Suppose 1344 = 16*t + 144. What is the remainder when t is divided by 25?
0
Suppose 5*v + j - 121 = 34, -v - 3*j = -17. What is the remainder when 90 is divided by v?
26
What is the remainder when 212 is divided by (7 + 900/48)/((-1)/(-4))?
6
Let k(z) = -z**3 - 3*z**2 + z + 3. Let m be k(-3). Let n be 2 + (m - 0) + -3. What is the remainder when n*1 + (0 - -39) is divided by 13?
12
Let k(d) = -9 - 4*d + 2*d**2 - 6 - 2*d + 1. Calculate the remainder when 109 is divided by k(6).
21
Suppose -20*o + 290 + 510 = 0. Calculate the remainder when 1198 is divided by o.
38
Let k(b) = -b**3 + 5*b**2 + b - 3. Let s be k(3). Suppose -13 = n - s. Suppose -3*c + 38 = 14. Calculate the remainder when c is divided by n.
3
Let h(g) = 21*g + 2 - 14*g - 10*g + g**2. Let w = 9 - 3. What is the remainder when h(w) is divided by 11?
9
Suppose 800 = 29*g - 1433. Calculate the remainder when 148 is divided by g.
71
Suppose -2*j + 47 = -45. Suppose 2*d = -5*b + j, -d + 4*b + 14 = -9. Calculate the remainder when d is divided by (-2)/7 + (-132)/(-21).
5
Let i be (-1)/(-2) - (-10)/4. Suppose -2*t - i*g = -9 - 6, 0 = 3*g - 9. Let m(z) = 2*z - 14. What is the remainder when m(12) is divided by t?
1
Suppose 3080 = 14*o - 9*o. Suppose 15*l = 8*l + o. Calculate the remainder when l is divided by 7.
4
Let x = 6 + 14. Calculate the remainder when 75 is divided by x.
15
Suppose -2*n - i + 21 = 0, 0 = -5*n - 3*i - 0*i + 53. Suppose 0 = q + n - 52. Calculate the remainder when 81 is divided by q.
39
Suppose -14*r - 28 = -4*p - 18*r, -2*p + 20 = -4*r. Calculate the remainder when p is divided by 7.
1
Suppose 0 = 2*s + 9 + 3. What is the remainder when s/15 - (-197)/5 is divided by 10?
9
Let c be ((-6)/9)/(1/(-3)). Suppose -5*w = c*l - 5*l + 9, 3*l - 9 = -3*w. Suppose -9*g + 10 = -17. What is the remainder when l is divided by g?
0
Let z = 43 - 5. Suppose 3*v - 5*d - z = 0, 2*v = 5*d + 18 + 9. What is the remainder when 29 is divided by v?
7
Let u = -60 - -59. Suppose -5*f + 45 + 0 = 0. What is the remainder when (-39)/9*(u - (2 - 0)) is divided by f?
4
Let j(r) be the first derivative of 5*r**2/2 + 10*r - 8. Calculate the remainder when j(6) is divided by 14.
12
Let q = -109 + 275. Calculate the remainder when q is divided by 51.
13
Let j = -165 + 309. Let t = -52 + 73. What is the remainder when j is divided by t?
18
Let w = -156 + 166. Let z(y) = -6*y - 2. Let r be z(-2). Let f = 47 - r. What is the remainder when f is divided by w?
7
Suppose 2*p - 9 = -f + 25, -5*f + p = -192. Suppose -36*o = -f*o + 74. What is the remainder when o is divided by 8?
5
Suppose 614 = 30*p + 104. Calculate the remainder when 59 - (2 + -3 + 2) is divided by p.
7
Let x = -40 + -20. Let c be (5/10)/(2/x). Calculate the remainder when (-4)/4 + 3 - c is divided by 5.
2
What is the remainder when (24/(-14))/((-4)/98) is divided by (-3 + -2 - -4)*-11?
9
Let k = -589 - -681. Calculate the remainder when k is divided by 51.
41
Let g = 25 - 31. What is the remainder when 50 is divided by (9/g - -3) + (-62)/(-4)?
16
Let a = 20 - 16. Suppose -a*f - 10 = -6*f. Calculate the remainder when 0/(-1) - -6*f is divided by 11.
8
What is the remainder when 36 is divided by (16/(-6))/((-436)/4251)?
10
Let f(q) = -q**3 + 15*q**2 - 7*q + 12. What is the remainder when f(4) is divided by 29?
15
Let c be 3 + -2*11 + 3. Let y = c - -28. Let s(d) = -10*d + 2. What is the remainder when s(-3) is divided by y?
8
Suppose -14 + 36 = 3*w + t, -36 = -5*w - 2*t. Suppose 90 + 38 = w*p. What is the remainder when 77 is divided by p?
13
Let f(k) = 127*k + 1471. Let d = -14 - -39. Calculate the remainder when f(-11) is divided by d.
24
Let w be (-6)/4*2 - -6. Suppose 0*s = w*s - 54. Calculate the remainder when 69 is divided by s.
15
Suppose 4*q - 3*p - 29 - 95 = 0, 3*p = 0. What is the remainder when 277 is divided by q?
29
Let q(m) = -2*m**2 - 6 + 4*m - 3 + 8 + m**3 - 3. What is the remainder when q(3) is divided by 10?
7
Let v = 467 - 394. Calculate the remainder when 143 is divided by v.
70
Suppose 3*j - 19 = -2*m, -j + 0*j - 2*m = -9. Let i = 0 - 5. Calculate the remainder when i/2*(-28)/5 is divided by j.
4
Suppose -65 = 3*d - u + 2*u, 4*d + 60 = 4*u. What is the remainder when 22 is divided by (-10)/d - 18/(-4)?
2
Calculate the remainder when 296 is divided by ((-32)/(-12) - 2)/((-14)/(-651)).
17
Suppose -207 = -49*h + 2929. Calculate the remainder when h is divided by 25.
14
Let k = -74 - -116. Calculate the remainder when 203 is divided by k.
35
Let v be -1*1 - 36/(-12). Suppose 7*w - z = 4*w - 3, w + v*z = -1. What is the remainder when -2 - 9*(-3 + w) is divided by 18?
16
Let a(z) = z**2 + 5*z - 3. Let f be a(-7). Let r = 7 + f. Calculate the remainder when r is divided by 10.
8
Let y = 63 - 59. Suppose y*o = -3*u + 25, 3*o = 2*o + 5*u - 11. What is the remainder when 21 is divided by o?
1
Let t be 6/(-5)*(0 - -20). Let c = 64 + t. What is the remainder when c is divided by 21?
19
Let l = -336 - -375. Calculate the remainder when 235 is divided by l.
1
Let p = 372 - 358. What is the remainder when p is divided by 8?
6
Let k(d) = -d**3 + 3*d**2 + 13*d - 7. Suppose 7*t = -2*p + 4*t - 71, -2*t = -3*p - 100. Let n = p + 63. What is the remainder when n is divided by k(5)?
5
Let n = 2392 - 2084. What is the remainder when n is divided by 9?
2
Let z = -149 - -217. Let r(c) = 5*c**2 + 2*c - 4. What is the remainder when z is divided by r(-3)?
33
Let x = 114 - -61. What is the remainder when x is divided by 15?
10
Let k = -49 - -55. Calculate the remainder when 14 + -4 + 2 + -1 is divided by k.
5
Suppose -y = 5*h - 534, -4*y + 3*y = -5*h + 526. What is the remainder when h is divided by 51?
4
Suppose 5 = -5*j, 4*s - 526 = -5*j + 425. What is the remainder when s is divided by 22?
19
Let z(m) = m**2 + 12*m - 5. Let n = -98 + 83. What is the remainder when 237 is divided by z(n)?
37
Let a(b) = 12*b**2. Calculate the remainder when (-5)/(-3)*(-60876)/(-1780) is divided by a(1).
9
Let y be -1 + 142/6 + (-5)/(-15). Suppose -4*r + y = -5. Let g(w) = -3*w + 3. What is the remainder when g(-7) is divided by r?
3
Suppose -2 = -2*m + d + 2, 3*m = 2*d + 8. Let b be 448/32 - (9 + (-3 - -1)). Let r = m + b. What is the remainder when 26 is divided by r?
5
Suppose 0 = -3*i + 5*i. Suppose -2*c + a + 29 = i, 2*c - 3*c + 15 = -a. Suppose 0 = -p + 20 + 6. What is the remainder when p is divided by c?
12
Suppose 2*s = -1 + 5. Let t = 3756 - 3738. What is the remainder when t is divided by s?
0
Suppose 4*u = 0, -2*k + 0*k + 718 = -4*u. What is the remainder when (-1)/(-3)*(k - -28) is divided by 22?
19
Suppose -4*z = 2*q - 114, 4*q - 4 = 8. Suppose 0 = 7*t - 9*t + 156. What is the remainder when t is divided by z?
24
Suppose 68 = 2*v - 2*g + 6*g, 0 = 2*g + 2. Suppose v*f + 51 = 39*f. Calculate the remainder when f is divided by -3*4/